{"id":502,"date":"2016-12-07T16:17:47","date_gmt":"2016-12-07T15:17:47","guid":{"rendered":"http:\/\/gites-jardins-ilona.com\/?page_id=502"},"modified":"2026-02-24T21:57:09","modified_gmt":"2026-02-24T20:57:09","slug":"seminaire","status":"publish","type":"page","link":"https:\/\/gites-jardins-ilona.com\/index.php\/seminaire\/","title":{"rendered":"S\u00e9minaires et R\u00e9unions familiales"},"content":{"rendered":"<div id=\"pl-502\"  class=\"panel-layout\" ><div id=\"pg-502-0\"  class=\"panel-grid panel-has-style\" ><div class=\"panel-row-style panel-row-style-for-502-0\" ><div id=\"pgc-502-0-0\"  class=\"panel-grid-cell panel-grid-cell-empty panel-grid-cell-mobile-last\" ><\/div><div id=\"pgc-502-0-1\"  class=\"panel-grid-cell panel-grid-cell-empty\" ><\/div><\/div><\/div><div id=\"pg-502-1\"  class=\"panel-grid panel-has-style\" ><div class=\"so-rounded panel-row-style panel-row-style-for-502-1\" ><div id=\"pgc-502-1-0\"  class=\"panel-grid-cell\" ><div id=\"panel-502-1-0-0\" class=\"so-panel widget widget_text panel-first-child panel-last-child\" data-index=\"0\" ><div class=\"panel-widget-style panel-widget-style-for-502-1-0-0\" ><h3 class=\"widget-title\">Un s\u00e9minaire au vert !<\/h3>\t\t\t<div class=\"textwidget\"><p data-start=\"28\" data-end=\"234\">Entre <span class=\"hover:entity-accent entity-underline inline cursor-pointer align-baseline\"><span class=\"whitespace-normal\">Lille<\/span><\/span> et <span class=\"hover:entity-accent entity-underline inline cursor-pointer align-baseline\"><span class=\"whitespace-normal\">Dunkerque<\/span><\/span>, <strong data-start=\"114\" data-end=\"155\"><span class=\"hover:entity-accent entity-underline inline cursor-pointer align-baseline\"><span class=\"whitespace-normal\">Les Jardins d\u2019Ilona<\/span><\/span><\/strong> est le <strong data-start=\"163\" data-end=\"216\">lieu id\u00e9al pour organiser votre s\u00e9minaire au vert<\/strong>, entre coll\u00e8gues.<\/p>\n<p data-start=\"236\" data-end=\"498\">Nous mettons \u00e0 votre disposition <strong data-start=\"269\" data-end=\"333\">une salle de r\u00e9union pouvant accueillir jusqu\u2019\u00e0 15 personnes<\/strong>, autour d\u2019une grande table.<br data-start=\"361\" data-end=\"364\" \/>Elle est \u00e9quip\u00e9e de <strong data-start=\"384\" data-end=\"401\">2 paperboards<\/strong>, <strong data-start=\"403\" data-end=\"425\">un vid\u00e9oprojecteur<\/strong> et du <strong data-start=\"432\" data-end=\"449\">Wi-Fi (fibre)<\/strong>, pour travailler dans les meilleures conditions.<\/p>\n<p data-start=\"500\" data-end=\"808\">Pour vos pauses gourmandes, <strong data-start=\"528\" data-end=\"553\">des formules traiteur<\/strong> (plateaux-repas ou ap\u00e9ritifs d\u00eenatoires, via des prestataires ext\u00e9rieurs) vous permettent de <strong data-start=\"647\" data-end=\"697\">profiter pleinement du cadre et du d\u00e9paysement<\/strong>.<\/p>\n<\/div>\n\t\t<\/div><\/div><\/div><div id=\"pgc-502-1-1\"  class=\"panel-grid-cell\" ><div id=\"panel-502-1-1-0\" class=\"so-panel widget widget_text panel-first-child\" data-index=\"1\" ><div class=\"panel-widget-style panel-widget-style-for-502-1-1-0\" >\t\t\t<div class=\"textwidget\"><\/div>\n\t\t<\/div><\/div><div id=\"panel-502-1-1-1\" class=\"so-panel widget widget_sow-slider panel-last-child\" data-index=\"2\" ><div class=\"panel-widget-style panel-widget-style-for-502-1-1-1\" ><div\n\t\t\t\n\t\t\tclass=\"so-widget-sow-slider so-widget-sow-slider-default-d2b96b21c26a-502\"\n\t\t\t\n\t\t>\t\t\t\t<div class=\"sow-slider-base\" style=\"display: none\" tabindex=\"0\">\n\t\t\t\t\t<ul\n\t\t\t\t\tclass=\"sow-slider-images\"\n\t\t\t\t\tdata-settings=\"{&quot;pagination&quot;:true,&quot;speed&quot;:800,&quot;timeout&quot;:2500,&quot;paused&quot;:false,&quot;pause_on_hover&quot;:false,&quot;swipe&quot;:true,&quot;nav_always_show_desktop&quot;:&quot;&quot;,&quot;nav_always_show_mobile&quot;:&quot;&quot;,&quot;breakpoint&quot;:&quot;780px&quot;,&quot;unmute&quot;:false,&quot;anchor&quot;:null}\"\n\t\t\t\t\t\t\t\t\t\tdata-anchor-id=\"\"\n\t\t\t\t>\t\t<li class=\"sow-slider-image\" style=\"visibility: visible;\" >\n\t\t\t\t\t\t<img loading=\"lazy\" decoding=\"async\" width=\"1303\" height=\"869\" src=\"https:\/\/gites-jardins-ilona.com\/wp-content\/uploads\/2024\/10\/IMG_7805-scaled-e1771966209864.jpg\" class=\"sow-slider-background-image\" alt=\"\" style=\"\" sizes=\"auto, 100vw\" \/>\t\t<\/li>\n\t\t\t\t<li class=\"sow-slider-image\" style=\"visibility: hidden;\" >\n\t\t\t\t\t\t<img loading=\"lazy\" decoding=\"async\" width=\"1536\" height=\"1024\" src=\"https:\/\/gites-jardins-ilona.com\/wp-content\/uploads\/2021\/02\/panorama-vers-foret--scaled.jpg\" class=\"sow-slider-background-image\" alt=\"les jardins d ilona\" style=\"\" srcset=\"https:\/\/gites-jardins-ilona.com\/wp-content\/uploads\/2021\/02\/panorama-vers-foret--scaled.jpg 1536w, https:\/\/gites-jardins-ilona.com\/wp-content\/uploads\/2021\/02\/panorama-vers-foret--300x200.jpg 300w, https:\/\/gites-jardins-ilona.com\/wp-content\/uploads\/2021\/02\/panorama-vers-foret--1024x683.jpg 1024w, https:\/\/gites-jardins-ilona.com\/wp-content\/uploads\/2021\/02\/panorama-vers-foret--768x512.jpg 768w, https:\/\/gites-jardins-ilona.com\/wp-content\/uploads\/2021\/02\/panorama-vers-foret--2048x1365.jpg 2048w, https:\/\/gites-jardins-ilona.com\/wp-content\/uploads\/2021\/02\/panorama-vers-foret--830x553.jpg 830w, https:\/\/gites-jardins-ilona.com\/wp-content\/uploads\/2021\/02\/panorama-vers-foret--230x153.jpg 230w, https:\/\/gites-jardins-ilona.com\/wp-content\/uploads\/2021\/02\/panorama-vers-foret--350x233.jpg 350w, https:\/\/gites-jardins-ilona.com\/wp-content\/uploads\/2021\/02\/panorama-vers-foret--480x320.jpg 480w, https:\/\/gites-jardins-ilona.com\/wp-content\/uploads\/2021\/02\/panorama-vers-foret--272x182.jpg 272w\" sizes=\"auto, 100vw\" \/>\t\t<\/li>\n\t\t\t\t<li class=\"sow-slider-image\" style=\"visibility: hidden;\" >\n\t\t\t\t\t\t<img loading=\"lazy\" decoding=\"async\" width=\"1300\" height=\"869\" src=\"https:\/\/gites-jardins-ilona.com\/wp-content\/uploads\/2016\/12\/Sem-1-accueil-cafe-533Ko-e1771966282143.jpg\" class=\"sow-slider-background-image\" alt=\"\" style=\"\" srcset=\"https:\/\/gites-jardins-ilona.com\/wp-content\/uploads\/2016\/12\/Sem-1-accueil-cafe-533Ko-e1771966282143.jpg 1300w, https:\/\/gites-jardins-ilona.com\/wp-content\/uploads\/2016\/12\/Sem-1-accueil-cafe-533Ko-e1771966282143-300x201.jpg 300w, https:\/\/gites-jardins-ilona.com\/wp-content\/uploads\/2016\/12\/Sem-1-accueil-cafe-533Ko-e1771966282143-768x513.jpg 768w, https:\/\/gites-jardins-ilona.com\/wp-content\/uploads\/2016\/12\/Sem-1-accueil-cafe-533Ko-e1771966282143-1024x685.jpg 1024w, https:\/\/gites-jardins-ilona.com\/wp-content\/uploads\/2016\/12\/Sem-1-accueil-cafe-533Ko-e1771966282143-272x182.jpg 272w\" sizes=\"auto, 100vw\" \/>\t\t<\/li>\n\t\t\t\t<li class=\"sow-slider-image\" style=\"visibility: hidden;\" >\n\t\t\t\t\t\t<img loading=\"lazy\" decoding=\"async\" width=\"1301\" height=\"869\" src=\"https:\/\/gites-jardins-ilona.com\/wp-content\/uploads\/2016\/12\/a-sem-gardenparty1-e1771966238895.jpg\" class=\"sow-slider-background-image\" alt=\"\" style=\"\" sizes=\"auto, 100vw\" \/>\t\t<\/li>\n\t\t\t\t<li class=\"sow-slider-image\" style=\"visibility: hidden;\" >\n\t\t\t\t\t\t<img loading=\"lazy\" decoding=\"async\" width=\"640\" height=\"480\" src=\"https:\/\/gites-jardins-ilona.com\/wp-content\/uploads\/2016\/12\/Recept-ZV-table-et-fleurs-160Ko.jpg\" class=\"sow-slider-background-image\" alt=\"\" style=\"\" srcset=\"https:\/\/gites-jardins-ilona.com\/wp-content\/uploads\/2016\/12\/Recept-ZV-table-et-fleurs-160Ko.jpg 640w, https:\/\/gites-jardins-ilona.com\/wp-content\/uploads\/2016\/12\/Recept-ZV-table-et-fleurs-160Ko-300x225.jpg 300w, https:\/\/gites-jardins-ilona.com\/wp-content\/uploads\/2016\/12\/Recept-ZV-table-et-fleurs-160Ko-230x173.jpg 230w, https:\/\/gites-jardins-ilona.com\/wp-content\/uploads\/2016\/12\/Recept-ZV-table-et-fleurs-160Ko-350x263.jpg 350w, https:\/\/gites-jardins-ilona.com\/wp-content\/uploads\/2016\/12\/Recept-ZV-table-et-fleurs-160Ko-480x360.jpg 480w\" sizes=\"auto, 100vw\" \/>\t\t<\/li>\n\t\t\t\t<li class=\"sow-slider-image\" style=\"visibility: hidden;\" >\n\t\t\t\t\t\t<img loading=\"lazy\" decoding=\"async\" width=\"640\" height=\"480\" src=\"https:\/\/gites-jardins-ilona.com\/wp-content\/uploads\/2016\/12\/Sem-salle-reunion-equipee.jpg\" class=\"sow-slider-background-image\" alt=\"\" style=\"\" srcset=\"https:\/\/gites-jardins-ilona.com\/wp-content\/uploads\/2016\/12\/Sem-salle-reunion-equipee.jpg 640w, https:\/\/gites-jardins-ilona.com\/wp-content\/uploads\/2016\/12\/Sem-salle-reunion-equipee-300x225.jpg 300w, https:\/\/gites-jardins-ilona.com\/wp-content\/uploads\/2016\/12\/Sem-salle-reunion-equipee-230x173.jpg 230w, https:\/\/gites-jardins-ilona.com\/wp-content\/uploads\/2016\/12\/Sem-salle-reunion-equipee-350x263.jpg 350w, https:\/\/gites-jardins-ilona.com\/wp-content\/uploads\/2016\/12\/Sem-salle-reunion-equipee-480x360.jpg 480w\" sizes=\"auto, 100vw\" \/>\t\t<\/li>\n\t\t<\/ul>\t\t\t\t<ol class=\"sow-slider-pagination\">\n\t\t\t\t\t\t\t\t\t\t\t<li><a href=\"#\" data-goto=\"0\" aria-label=\"Display slide 1\"><\/a><\/li>\n\t\t\t\t\t\t\t\t\t\t\t<li><a href=\"#\" data-goto=\"1\" aria-label=\"Display slide 2\"><\/a><\/li>\n\t\t\t\t\t\t\t\t\t\t\t<li><a href=\"#\" data-goto=\"2\" aria-label=\"Display slide 3\"><\/a><\/li>\n\t\t\t\t\t\t\t\t\t\t\t<li><a href=\"#\" data-goto=\"3\" aria-label=\"Display slide 4\"><\/a><\/li>\n\t\t\t\t\t\t\t\t\t\t\t<li><a href=\"#\" data-goto=\"4\" aria-label=\"Display slide 5\"><\/a><\/li>\n\t\t\t\t\t\t\t\t\t\t\t<li><a href=\"#\" data-goto=\"5\" aria-label=\"Display slide 6\"><\/a><\/li>\n\t\t\t\t\t\t\t\t\t<\/ol>\n\n\t\t\t\t<div class=\"sow-slide-nav sow-slide-nav-next\">\n\t\t\t\t\t<a href=\"#\" data-goto=\"next\" aria-label=\"Next slide\" data-action=\"next\">\n\t\t\t\t\t\t<em class=\"sow-sld-icon-thin-right\"><\/em>\n\t\t\t\t\t<\/a>\n\t\t\t\t<\/div>\n\n\t\t\t\t<div class=\"sow-slide-nav sow-slide-nav-prev\">\n\t\t\t\t\t<a href=\"#\" data-goto=\"previous\" aria-label=\"Previous slide\" data-action=\"prev\">\n\t\t\t\t\t\t<em class=\"sow-sld-icon-thin-left\"><\/em>\n\t\t\t\t\t<\/a>\n\t\t\t\t<\/div>\n\t\t\t\t<\/div><\/div><\/div><\/div><\/div><\/div><\/div><div id=\"pg-502-2\"  class=\"panel-grid panel-has-style\" ><div class=\"panel-row-style panel-row-style-for-502-2\" ><div id=\"pgc-502-2-0\"  class=\"panel-grid-cell panel-grid-cell-mobile-last\" ><div id=\"panel-502-2-0-0\" class=\"so-panel widget widget_text panel-first-child panel-last-child\" data-index=\"3\" ><div class=\"panel-widget-style panel-widget-style-for-502-2-0-0\" >\t\t\t<div class=\"textwidget\"><p>Des <strong data-start=\"705\" data-end=\"732\">restaurants \u00e0 proximit\u00e9<\/strong> accueillent \u00e9galement celles et ceux qui souhaitent d\u00e9jeuner \u00e0 l\u2019ext\u00e9rieur.<\/p>\n<p>C\u00f4t\u00e9 team building, plusieurs activit\u00e9s peuvent \u00eatre organis\u00e9es :<\/p>\n<ul>\n<li><b><\/b><strong>Rallye automobile avec road book personnalis\u00e9<\/strong><\/li>\n<li><strong>Sortie en quad<\/strong><\/li>\n<li><strong>Promenade en barque<\/strong><\/li>\n<li><strong>Atelier culinaire avec H\u00e9l\u00e8ne Cuisine<\/strong><\/li>\n<\/ul>\n<p>Autant d\u2019exp\u00e9riences conviviales pour <b>renforcer la coh\u00e9sion d\u2019\u00e9quipe<\/b>.<\/p>\n<p><b>Zi Villa<\/b> se pr\u00eate parfaitement \u00e0 vos rassemblements, dans son <b>vaste s\u00e9jour<\/b> ou sur ses <b>terrasses verdoyantes aux ambiances vari\u00e9es<\/b>.<br \/>\nLa <b>piscine<\/b> compl\u00e8te cette parenth\u00e8se d\u2019\u00e9vasion, id\u00e9ale pour <b>allier travail et d\u00e9tente<\/b>.<\/p>\n<\/div>\n\t\t<\/div><\/div><\/div><div id=\"pgc-502-2-1\"  class=\"panel-grid-cell panel-grid-cell-empty\" ><\/div><\/div><\/div><div id=\"pg-502-3\"  class=\"panel-grid panel-has-style\" ><div class=\"panel-row-style panel-row-style-for-502-3\" ><div id=\"pgc-502-3-0\"  class=\"panel-grid-cell panel-grid-cell-mobile-last\" ><div id=\"panel-502-3-0-0\" class=\"so-panel widget widget_text panel-first-child panel-last-child\" data-index=\"4\" ><div class=\"panel-widget-style panel-widget-style-for-502-3-0-0\" ><h3 class=\"widget-title\">Se retrouver en famille !<\/h3>\t\t\t<div class=\"textwidget\"><p>Offrez-vous une parenth\u00e8se hors du temps et <b>partagez des moments pr\u00e9cieux avec toute votre famille<\/b>.<\/p>\n<p>Rassemblez plusieurs g\u00e9n\u00e9rations dans un cadre chaleureux, propice aux retrouvailles, aux rires et aux souvenirs inoubliables.<\/p>\n<p>Pour simplifier votre s\u00e9jour, <b>des prestataires ext\u00e9rieurs<\/b> peuvent vous proposer :<\/p>\n<ul>\n<li><b>Une formule traiteur<\/b><\/li>\n<li><b>Une cuisini\u00e8re \u00e0 domicile<\/b><\/li>\n<li><b>Une auberge espagnole conviviale et participative<\/b><\/li>\n<\/ul>\n<p>\u00c0 chacun sa formule, selon vos envies et l\u2019ambiance souhait\u00e9e.<\/p>\n<p><b>Tarifs sur demande, selon les prestations choisies.<\/b><\/p>\n<\/div>\n\t\t<\/div><\/div><\/div><div id=\"pgc-502-3-1\"  class=\"panel-grid-cell panel-grid-cell-empty\" ><\/div><\/div><\/div><div id=\"pg-502-4\"  class=\"panel-grid panel-has-style\" ><div class=\"panel-row-style panel-row-style-for-502-4\" ><div id=\"pgc-502-4-0\"  class=\"panel-grid-cell\" ><div id=\"panel-502-4-0-0\" class=\"so-panel widget widget_sow-button panel-first-child panel-last-child\" data-index=\"5\" ><div\n\t\t\t\n\t\t\tclass=\"so-widget-sow-button so-widget-sow-button-flat-1b98932a8225-502\"\n\t\t\t\n\t\t><div class=\"ow-button-base ow-button-align-center\"\n>\n\t\t\t<a\n\t\t\t\t\thref=\"\/index.php\/contactez-nous\/\"\n\t\t\t\t\tclass=\"sowb-button ow-icon-placement-left\" \t>\n\t\t<span>\n\t\t\t\n\t\t\tPlus d'informations\t\t<\/span>\n\t\t\t<\/a>\n\t<\/div>\n<\/div><\/div><\/div><\/div><\/div><div id=\"pg-502-5\"  class=\"panel-grid panel-has-style\" ><div class=\"panel-row-style panel-row-style-for-502-5\" ><div id=\"pgc-502-5-0\"  class=\"panel-grid-cell panel-grid-cell-mobile-last\" ><div id=\"panel-502-5-0-0\" class=\"so-panel widget widget_text panel-first-child panel-last-child\" data-index=\"6\" >\t\t\t<div class=\"textwidget\"><\/div>\n\t\t<\/div><\/div><div id=\"pgc-502-5-1\"  class=\"panel-grid-cell panel-grid-cell-empty\" ><\/div><\/div><\/div><div id=\"pg-502-6\"  class=\"panel-grid panel-has-style\" ><div class=\"panel-row-style panel-row-style-for-502-6\" ><div id=\"pgc-502-6-0\"  class=\"panel-grid-cell panel-grid-cell-mobile-last\" ><div id=\"panel-502-6-0-0\" class=\"so-panel widget widget_text panel-first-child panel-last-child\" data-index=\"7\" >\t\t\t<div class=\"textwidget\"><\/div>\n\t\t<\/div><\/div><div id=\"pgc-502-6-1\"  class=\"panel-grid-cell panel-grid-cell-empty\" ><\/div><\/div><\/div><\/div>","protected":false},"excerpt":{"rendered":"<p>Entre Lille et Dunkerque, Les Jardins d\u2019Ilona est le lieu id\u00e9al pour organiser votre s\u00e9minaire au vert, entre coll\u00e8gues. Nous mettons \u00e0 votre disposition une salle de r\u00e9union pouvant accueillir jusqu\u2019\u00e0 15 personnes, autour d\u2019une grande table.Elle est \u00e9quip\u00e9e de 2 paperboards, un vid\u00e9oprojecteur et du Wi-Fi (fibre), pour travailler dans les meilleures conditions. Pour &hellip; <\/p>\n<p class=\"link-more\"><a href=\"https:\/\/gites-jardins-ilona.com\/index.php\/seminaire\/\" class=\"more-link\">Lire la suite de<span class=\"screen-reader-text\">\u00ab\u00a0S\u00e9minaires et R\u00e9unions familiales\u00a0\u00bb<\/span><\/a><\/p>\n","protected":false},"author":1,"featured_media":0,"parent":0,"menu_order":0,"comment_status":"closed","ping_status":"closed","template":"","meta":{"footnotes":""},"class_list":["post-502","page","type-page","status-publish","hentry"],"yoast_head":"<!-- This site is optimized with the Yoast SEO plugin v24.9 - https:\/\/yoast.com\/wordpress\/plugins\/seo\/ -->\n<title>S\u00e9minaires et R\u00e9ceptions - Les Jardins d&#039;Ilona<\/title>\n<meta name=\"description\" content=\"Besoin d&#039;un s\u00e9minaire au vert et au calme ? Nos g\u00eetes seront charmer votre entreprise. Une salle de r\u00e9union est \u00e0 votre disposition\" \/>\n<meta name=\"robots\" content=\"index, follow, max-snippet:-1, max-image-preview:large, max-video-preview:-1\" \/>\n<link rel=\"canonical\" href=\"https:\/\/gites-jardins-ilona.com\/index.php\/seminaire\/\" \/>\n<meta property=\"og:locale\" content=\"fr_FR\" \/>\n<meta property=\"og:type\" content=\"article\" \/>\n<meta property=\"og:title\" content=\"S\u00e9minaires et R\u00e9ceptions - Les Jardins d&#039;Ilona\" \/>\n<meta property=\"og:description\" content=\"Besoin d&#039;un s\u00e9minaire au vert et au calme ? Nos g\u00eetes seront charmer votre entreprise. Une salle de r\u00e9union est \u00e0 votre disposition\" \/>\n<meta property=\"og:url\" content=\"https:\/\/gites-jardins-ilona.com\/index.php\/seminaire\/\" \/>\n<meta property=\"og:site_name\" content=\"Les Jardins d&#039;Ilona\" \/>\n<meta property=\"article:modified_time\" content=\"2026-02-24T20:57:09+00:00\" \/>\n<meta name=\"twitter:card\" content=\"summary_large_image\" \/>\n<meta name=\"twitter:label1\" content=\"Dur\u00e9e de lecture estim\u00e9e\" \/>\n\t<meta name=\"twitter:data1\" content=\"3 minutes\" \/>\n<script type=\"application\/ld+json\" class=\"yoast-schema-graph\">{\"@context\":\"https:\/\/schema.org\",\"@graph\":[{\"@type\":\"WebPage\",\"@id\":\"https:\/\/gites-jardins-ilona.com\/index.php\/seminaire\/\",\"url\":\"https:\/\/gites-jardins-ilona.com\/index.php\/seminaire\/\",\"name\":\"S\u00e9minaires et R\u00e9ceptions - Les Jardins d&#039;Ilona\",\"isPartOf\":{\"@id\":\"https:\/\/gites-jardins-ilona.com\/#website\"},\"datePublished\":\"2016-12-07T15:17:47+00:00\",\"dateModified\":\"2026-02-24T20:57:09+00:00\",\"description\":\"Besoin d'un s\u00e9minaire au vert et au calme ? Nos g\u00eetes seront charmer votre entreprise. Une salle de r\u00e9union est \u00e0 votre disposition\",\"breadcrumb\":{\"@id\":\"https:\/\/gites-jardins-ilona.com\/index.php\/seminaire\/#breadcrumb\"},\"inLanguage\":\"fr-FR\",\"potentialAction\":[{\"@type\":\"ReadAction\",\"target\":[\"https:\/\/gites-jardins-ilona.com\/index.php\/seminaire\/\"]}]},{\"@type\":\"BreadcrumbList\",\"@id\":\"https:\/\/gites-jardins-ilona.com\/index.php\/seminaire\/#breadcrumb\",\"itemListElement\":[{\"@type\":\"ListItem\",\"position\":1,\"name\":\"Accueil\",\"item\":\"https:\/\/gites-jardins-ilona.com\/\"},{\"@type\":\"ListItem\",\"position\":2,\"name\":\"S\u00e9minaires et R\u00e9unions familiales\"}]},{\"@type\":\"WebSite\",\"@id\":\"https:\/\/gites-jardins-ilona.com\/#website\",\"url\":\"https:\/\/gites-jardins-ilona.com\/\",\"name\":\"Les Jardins d&#039;Ilona\",\"description\":\"Gites et s\u00e9minaires \u00e0 Arques \",\"publisher\":{\"@id\":\"https:\/\/gites-jardins-ilona.com\/#organization\"},\"potentialAction\":[{\"@type\":\"SearchAction\",\"target\":{\"@type\":\"EntryPoint\",\"urlTemplate\":\"https:\/\/gites-jardins-ilona.com\/?s={search_term_string}\"},\"query-input\":{\"@type\":\"PropertyValueSpecification\",\"valueRequired\":true,\"valueName\":\"search_term_string\"}}],\"inLanguage\":\"fr-FR\"},{\"@type\":\"Organization\",\"@id\":\"https:\/\/gites-jardins-ilona.com\/#organization\",\"name\":\"SARL Ilona\",\"url\":\"https:\/\/gites-jardins-ilona.com\/\",\"logo\":{\"@type\":\"ImageObject\",\"inLanguage\":\"fr-FR\",\"@id\":\"https:\/\/gites-jardins-ilona.com\/#\/schema\/logo\/image\/\",\"url\":\"https:\/\/gites-jardins-ilona.com\/wp-content\/uploads\/2024\/10\/cropped-Logo-site-internet-e1729692351709.png\",\"contentUrl\":\"https:\/\/gites-jardins-ilona.com\/wp-content\/uploads\/2024\/10\/cropped-Logo-site-internet-e1729692351709.png\",\"width\":216,\"height\":100,\"caption\":\"SARL Ilona\"},\"image\":{\"@id\":\"https:\/\/gites-jardins-ilona.com\/#\/schema\/logo\/image\/\"}}]}<\/script>\n<!-- \/ Yoast SEO plugin. -->","yoast_head_json":{"title":"S\u00e9minaires et R\u00e9ceptions - Les Jardins d&#039;Ilona","description":"Besoin d'un s\u00e9minaire au vert et au calme ? Nos g\u00eetes seront charmer votre entreprise. Une salle de r\u00e9union est \u00e0 votre disposition","robots":{"index":"index","follow":"follow","max-snippet":"max-snippet:-1","max-image-preview":"max-image-preview:large","max-video-preview":"max-video-preview:-1"},"canonical":"https:\/\/gites-jardins-ilona.com\/index.php\/seminaire\/","og_locale":"fr_FR","og_type":"article","og_title":"S\u00e9minaires et R\u00e9ceptions - Les Jardins d&#039;Ilona","og_description":"Besoin d'un s\u00e9minaire au vert et au calme ? Nos g\u00eetes seront charmer votre entreprise. Une salle de r\u00e9union est \u00e0 votre disposition","og_url":"https:\/\/gites-jardins-ilona.com\/index.php\/seminaire\/","og_site_name":"Les Jardins d&#039;Ilona","article_modified_time":"2026-02-24T20:57:09+00:00","twitter_card":"summary_large_image","twitter_misc":{"Dur\u00e9e de lecture estim\u00e9e":"3 minutes"},"schema":{"@context":"https:\/\/schema.org","@graph":[{"@type":"WebPage","@id":"https:\/\/gites-jardins-ilona.com\/index.php\/seminaire\/","url":"https:\/\/gites-jardins-ilona.com\/index.php\/seminaire\/","name":"S\u00e9minaires et R\u00e9ceptions - Les Jardins d&#039;Ilona","isPartOf":{"@id":"https:\/\/gites-jardins-ilona.com\/#website"},"datePublished":"2016-12-07T15:17:47+00:00","dateModified":"2026-02-24T20:57:09+00:00","description":"Besoin d'un s\u00e9minaire au vert et au calme ? Nos g\u00eetes seront charmer votre entreprise. Une salle de r\u00e9union est \u00e0 votre disposition","breadcrumb":{"@id":"https:\/\/gites-jardins-ilona.com\/index.php\/seminaire\/#breadcrumb"},"inLanguage":"fr-FR","potentialAction":[{"@type":"ReadAction","target":["https:\/\/gites-jardins-ilona.com\/index.php\/seminaire\/"]}]},{"@type":"BreadcrumbList","@id":"https:\/\/gites-jardins-ilona.com\/index.php\/seminaire\/#breadcrumb","itemListElement":[{"@type":"ListItem","position":1,"name":"Accueil","item":"https:\/\/gites-jardins-ilona.com\/"},{"@type":"ListItem","position":2,"name":"S\u00e9minaires et R\u00e9unions familiales"}]},{"@type":"WebSite","@id":"https:\/\/gites-jardins-ilona.com\/#website","url":"https:\/\/gites-jardins-ilona.com\/","name":"Les Jardins d&#039;Ilona","description":"Gites et s\u00e9minaires \u00e0 Arques ","publisher":{"@id":"https:\/\/gites-jardins-ilona.com\/#organization"},"potentialAction":[{"@type":"SearchAction","target":{"@type":"EntryPoint","urlTemplate":"https:\/\/gites-jardins-ilona.com\/?s={search_term_string}"},"query-input":{"@type":"PropertyValueSpecification","valueRequired":true,"valueName":"search_term_string"}}],"inLanguage":"fr-FR"},{"@type":"Organization","@id":"https:\/\/gites-jardins-ilona.com\/#organization","name":"SARL Ilona","url":"https:\/\/gites-jardins-ilona.com\/","logo":{"@type":"ImageObject","inLanguage":"fr-FR","@id":"https:\/\/gites-jardins-ilona.com\/#\/schema\/logo\/image\/","url":"https:\/\/gites-jardins-ilona.com\/wp-content\/uploads\/2024\/10\/cropped-Logo-site-internet-e1729692351709.png","contentUrl":"https:\/\/gites-jardins-ilona.com\/wp-content\/uploads\/2024\/10\/cropped-Logo-site-internet-e1729692351709.png","width":216,"height":100,"caption":"SARL Ilona"},"image":{"@id":"https:\/\/gites-jardins-ilona.com\/#\/schema\/logo\/image\/"}}]}},"_links":{"self":[{"href":"https:\/\/gites-jardins-ilona.com\/index.php\/wp-json\/wp\/v2\/pages\/502","targetHints":{"allow":["GET"]}}],"collection":[{"href":"https:\/\/gites-jardins-ilona.com\/index.php\/wp-json\/wp\/v2\/pages"}],"about":[{"href":"https:\/\/gites-jardins-ilona.com\/index.php\/wp-json\/wp\/v2\/types\/page"}],"author":[{"embeddable":true,"href":"https:\/\/gites-jardins-ilona.com\/index.php\/wp-json\/wp\/v2\/users\/1"}],"replies":[{"embeddable":true,"href":"https:\/\/gites-jardins-ilona.com\/index.php\/wp-json\/wp\/v2\/comments?post=502"}],"version-history":[{"count":54,"href":"https:\/\/gites-jardins-ilona.com\/index.php\/wp-json\/wp\/v2\/pages\/502\/revisions"}],"predecessor-version":[{"id":3292,"href":"https:\/\/gites-jardins-ilona.com\/index.php\/wp-json\/wp\/v2\/pages\/502\/revisions\/3292"}],"wp:attachment":[{"href":"https:\/\/gites-jardins-ilona.com\/index.php\/wp-json\/wp\/v2\/media?parent=502"}],"curies":[{"name":"wp","href":"https:\/\/api.w.org\/{rel}","templated":true}]}}